972057103?
11, 20857, 30389
What are the prime factors of 500878014?
2, 3, 7, 13, 421, 2179
List the prime factors of 367241760.
2, 3, 5, 181, 1409
What are the prime factors of 43379523?
3, 11, 146059
What are the prime factors of 54193448?
2, 71, 73, 1307
What are the prime factors of 1206006747?
3, 11, 36545659
What are the prime factors of 63821448?
2, 3, 37, 23957
What are the prime factors of 1245567475?
5, 17, 2930747
List the prime factors of 40466095.
5, 71, 113989
List the prime factors of 651708262.
2, 61, 5341871
List the prime factors of 62504334.
2, 3, 3472463
What are the prime factors of 1808628823?
1777, 1017799
List the prime factors of 1062993576.
2, 3, 23, 1013, 1901
What are the prime factors of 70968308?
2, 47, 377491
List the prime factors of 1705838802.
2, 3, 11261, 25247
List the prime factors of 286284206.
2, 13, 173, 63647
What are the prime factors of 584965251?
3, 13, 4999703
What are the prime factors of 31339555?
5, 13, 37, 83, 157
List the prime factors of 78000538.
2, 7, 11, 43, 11779
What are the prime factors of 664872378?
2, 3, 3221, 34403
What are the prime factors of 1239968171?
13, 463, 206009
What are the prime factors of 53954889?
3, 17, 19, 55681
List the prime factors of 49281089.
11, 13, 251, 1373
What are the prime factors of 23901380?
2, 5, 47, 541
List the prime factors of 160437244.
2, 11, 227, 16063
List the prime factors of 195361068.
2, 3, 7, 101, 23027
What are the prime factors of 63183720?
2, 3, 5, 526531
What are the prime factors of 3141796003?
3141796003
List the prime factors of 37166814.
2, 3, 59, 79, 443
What are the prime factors of 1379925346?
2, 269, 2564917
What are the prime factors of 1806801069?
3, 229, 421, 6247
What are the prime factors of 19369595?
5, 7, 553417
List the prime factors of 48205130.
2, 5, 313, 15401
List the prime factors of 5469880706.
2, 2734940353
What are the prime factors of 105385285?
5, 21077057
What are the prime factors of 211149095?
5, 17, 83, 173
What are the prime factors of 101414803?
7, 14487829
List the prime factors of 408586434.
2, 3, 53, 1284863
What are the prime factors of 37814466?
2, 3, 137, 179, 257
What are the prime factors of 423701469?
3, 23, 682289
What are the prime factors of 361712534?
2, 29, 6236423
List the prime factors of 294768423.
3, 17, 642197
What are the prime factors of 26602748?
2, 6650687
What are the prime factors of 1625058776?
2, 11, 18466577
List the prime factors of 27208059.
3, 9069353
List the prime factors of 132302015.
5, 1259, 21017
List the prime factors of 3179326369.
1429, 2224861
What are the prime factors of 2301669815?
5, 43, 10705441
What are the prime factors of 4485485519?
2417, 1855807
What are the prime factors of 459641996?
2, 11, 19, 29, 18959
What are the prime factors of 18421199?
743, 24793
List the prime factors of 37779914.
2, 18889957
List the prime factors of 6579403.
23, 286061
List the prime factors of 60231420.
2, 3, 5, 334619
List the prime factors of 1932067370.
2, 5, 227, 851131
What are the prime factors of 136697698?
2, 569, 120121
List the prime factors of 6766281.
3, 131, 1913
List the prime factors of 623606922.
2, 3, 67, 517087
What are the prime factors of 172257172?
2, 43064293
What are the prime factors of 5254269119?
11, 12721, 37549
List the prime factors of 3182851081.
3182851081
What are the prime factors of 382397325?
3, 5, 19, 149, 1801
What are the prime factors of 817514031?
3, 29, 9396713
List the prime factors of 30611374.
2, 199, 76913
List the prime factors of 967501296.
2, 3, 6718759
List the prime factors of 1409861439.
3, 7, 2383, 9391
List the prime factors of 1241182927.
2777, 446951
List the prime factors of 40887089.
40887089
What are the prime factors of 81862976?
2, 13, 61, 1613
List the prime factors of 130702618.
2, 3271, 19979
List the prime factors of 42451388.
2, 7, 113, 13417
What are the prime factors of 4934571728?
2, 41, 173, 43481
What are the prime factors of 38968417?
23, 83, 137, 149
List the prime factors of 148698330.
2, 3, 5, 11, 450601
What are the prime factors of 118902858?
2, 3, 19817143
List the prime factors of 375876652.
2, 93969163
List the prime factors of 1361562193.
1361562193
What are the prime factors of 116727917?
4007, 29131
List the prime factors of 108253661.
43, 113, 22279
List the prime factors of 7609046.
2, 1787, 2129
List the prime factors of 2340319444.
2, 103, 163, 34849
List the prime factors of 375506462.
2, 19, 9881749
List the prime factors of 1354031948.
2, 338507987
List the prime factors of 5861461220.
2, 5, 23, 337, 37811
What are the prime factors of 469894122?
2, 3, 2900581
What are the prime factors of 2182947984?
2, 3, 7, 541, 4003
List the prime factors of 859067378.
2, 13, 631, 52363
List the prime factors of 853752030.
2, 3, 5, 28458401
List the prime factors of 62233120.
2, 5, 31, 12547
List the prime factors of 2342756874.
2, 3, 43, 139, 65327
What are the prime factors of 23041997?
11, 2094727
List the prime factors of 229941138.
2, 3, 7, 5474789
What are the prime factors of 7705700?
2, 5, 251, 307
List the prime factors of 50796709.
19, 2673511
List the prime factors of 6065245.
5, 1213049
List the prime factors of 60369577.
127, 475351
List the prime factors of 3111022850.
2, 5, 13, 29, 165041
List the prime factors of 1867197579.
3, 13, 53, 903337
List the prime factors of 1879383376.
2, 13, 9035497
List the prime factors of 58774819.
58774819
List the prime factors of 11792087.
449, 26263
What are the prime factors of 55502092?
2, 13875523
What are the prime factors of 2985545020?
2, 5, 131, 1139521
What are the prime factors of 180141181?
11, 947, 17293
List the prime factors of 566111762.
2, 53, 347, 15391
What are the prime factors of 483604114?
2, 7, 4793, 7207
List the prime factors of 1269540187.
67, 263, 72047
What are the prime factors of 3559174511?
31, 3301, 34781
What are the prime factors of 51491028?
2, 3, 17, 173, 1459
What are the prime factors of 32598171?
3, 43, 131, 643
List the prime factors of 788816758.
2, 1877, 210127
List the prime factors of 28664058.
2, 3, 43, 241, 461
What are the prime factors of 590258313?
3, 19, 613, 1877
List the prime factors of 147984983.
17, 151, 57649
List the prime factors of 1791428449.
1051, 1704499
What are the prime factors of 808356014?
2, 404178007
List the prime factors of 83200580.
2, 5, 157, 26497
List the prime factors of 1259537185.
5, 857, 293941
List the prime factors of 75532014.
2, 3, 466247
What are the prime factors of 70439885?
5, 14087977
What are the prime factors of 1551199790?
2, 5, 7, 383, 57859
List the prime factors of 67326726.
2, 3, 2083, 5387
What are the prime factors of 219399641?
647, 339103
What are the prime factors of 71472150?
2, 3, 5, 71, 2237
List the prime factors of 345832015.
5, 19, 43, 84659
List the prime factors of 17634012.
2, 3, 11, 103, 1297
What are the prime factors of 18210082?
2, 11, 31, 26701
List the prime factors of 3248510395.
5, 13, 3844391
List the prime factors of 822617473.
822617473
What are the prime factors of 46047579?
3, 15349193
List the prime factors of 128136230.
2, 5, 83, 263, 587
List the prime factors of 43807281.
3, 7, 251, 8311
What are the prime factors of 462141359?
37, 241, 51827
What are the prime factors of 49903107?
3, 167, 99607
List the prime factors of 111505166.
2, 55752583
List the prime factors of 26865135.
3, 5, 11, 79, 229
What are the prime factors of 4986989438?
2, 2493494719
List the prime factors of 1247170205.
5, 249434041
List the prime factors of 4164351015.
3, 5, 11, 25238491
What are the prime factors of 95294972?
2, 857, 27799
What are the prime factors of 605351214?
2, 3, 13, 23, 137, 821
What are the prime factors of 100520191?
1783, 56377
List the prime factors of 495017577.
3, 17, 3235409
What are the prime factors of 60454420?
2, 5, 13, 157, 1481
List the prime factors of 2467282150.
2, 5, 49345643
What are the prime factors of 806360318?
2, 269, 1498811
What are the prime factors of 987799679?
987799679
List the prime factors of 2093111866.
2, 1091, 959263
List the prime factors of 392063283.
3, 281, 155027
What are the prime factors of 8100276?
2, 3, 97, 6959
List the prime factors of 169964596.
2, 47, 904067
List the prime factors of 